= -2*g + 420. Let a be s(0). Suppose d = -m*d + a. What is the units digit of d?
4
Let d(a) = a**3 - 9*a**2 - 3*a + 31. Let w be d(9). Suppose 2*q = 2*b + 542, -q = w*q - 2*b - 1358. What is the hundreds digit of q?
2
Let o be (-2)/(-4)*806/31. Suppose -16*l + 6 = -o*l. Suppose 4*d + 4*c = 292, 5*d - 118 - 241 = -l*c. What is the tens digit of d?
7
Let u(g) = -8*g + 5 - 4*g + 38*g**2 + 15. Let w be u(6). Suppose 5*j = 12*j - w. What is the tens digit of j?
8
Suppose -d = 6, -c + 10041 = -d - 4335. What is the tens digit of c?
7
Suppose 5*p - 4*r = 39212, 20467 + 3059 = 3*p - 2*r. What is the units digit of p?
0
Let t = -156 + 158. Suppose 2*u = -5*q + 859, -3*q + 8*q = t*u - 849. What is the tens digit of u?
2
Suppose -11*j + 14*j - k = -1323, -4*j - 1764 = 3*k. Let d(b) = 263*b**3. Let n be d(-1). Let u = n - j. What is the tens digit of u?
7
Suppose 7*y = -10*y + 2*y. Suppose 5*a - 1267 = -4*p, y = 3*p - a + 3*a - 952. What is the units digit of p?
8
Let a(b) = -b**2 - 6*b + 11. Let h be a(-7). Suppose 3*k = 4*x - 2*x - 161, h*x = 5*k + 319. Suppose -48*p + x = -46*p. What is the units digit of p?
8
Let l be 10/15 - (-4)/(-6). Let p = 11 - -22. Suppose l = d - 26 - p. What is the units digit of d?
9
Suppose 26*r = 354997 + 42205. What is the units digit of r?
7
Suppose 75*h - 51902 - 24223 = 0. What is the thousands digit of h?
1
Let l be (2550/68)/(3/796). Suppose 14*x - l - 10490 = 0. What is the hundreds digit of x?
4
What is the ten thousands digit of ((4575/(-4))/5)/(-13*(-15)/(-13260))?
1
Let g(v) = 66*v - 53. Let c be 2 + 4 - ((5 - 4) + -4). What is the hundreds digit of g(c)?
5
Let a be (0 - -1) + (-6 - 2346). Let f = -601 - a. What is the tens digit of f?
5
Suppose -2*t + 4*t = 4. Let g be ((-2)/8 - 43/(-516))*-6. What is the tens digit of 53/g - ((-16)/t + 4)?
5
Suppose -26*o + 29*o = -j - 2620, -4*j = -4*o - 3520. Let q = o - -1305. What is the tens digit of q?
3
Let j be ((-11936)/(-128))/((2/(-8))/1). Let x = 655 + j. Suppose 2*v + 3*d - d = 192, 3*d + x = 3*v. What is the units digit of v?
5
Let i(b) = -30*b**2 + 15*b + 18. Let v be i(-4). Let r = -271 - v. What is the units digit of r?
1
Suppose 2*p - 4008 = 5*l, -5*p + 13409 = 5*l + 3249. What is the tens digit of p?
2
Let j = -151826 + 219775. What is the units digit of j?
9
Suppose -2*f = 3*u - 6 + 2, -3*f = 5*u - 8. Suppose 6 = u*q - q. Suppose -q = 2*c - 3*h - 102, -4*c + 200 = -h. What is the units digit of c?
0
Let x = 12542 - -8814. What is the ten thousands digit of x?
2
Suppose -247 = -k + 2*j - 4*j, 0 = 3*k + 5*j - 746. Suppose 3*t - 4*i - 518 = t, t - 4*i - k = 0. What is the hundreds digit of t?
2
Suppose -14761 = 12*y - 125209. What is the thousands digit of y?
9
Let n(a) = 446*a + 288. What is the thousands digit of n(14)?
6
Let i(w) = 153*w. Let v(m) = 7*m - 42. Let p be v(6). Suppose -2*h - 38 + 40 = p. What is the units digit of i(h)?
3
Let t(v) = 11534*v + 1730. What is the units digit of t(5)?
0
Let j = 466 + -87. Let s = 745 + j. What is the thousands digit of s?
1
Suppose -58*o + 57*o = -31. Suppose -37*y + 18 = -o*y. Suppose -856 = y*l - 7*l. What is the hundreds digit of l?
2
Suppose -18*h - 12 = -21*h. Let d(g) = 7*g**3 - 5*g**2 + g + 9. What is the tens digit of d(h)?
8
Let i(q) = 449*q - 12. Let c be i(-4). What is the hundreds digit of c/(-5) + 14/35?
3
Let c(g) = 119*g**3 + 3*g**2 + 11*g - 39. What is the hundreds digit of c(4)?
6
Suppose 74 = 6*m + 50. Let n(t) = -6*t + 3 + t**3 + 2 + 4*t + 5*t. What is the units digit of n(m)?
1
Let x be 4/(-14) + (-1776)/(-42). Let t = x - 57. What is the tens digit of t/10 - 276/(-8)?
3
Let f(y) = -y**3 - 33*y**2 + 36*y + 74. Let k be f(-34). What is the units digit of 2700/72*((-8)/k)/(-2)?
5
Let k = 3 + -16. Let p = k - -56. What is the units digit of p/((-1)/(-6 - -5))?
3
Suppose 2*l = -4*p + 636, -2*l - 149 = 5*p - 6*p. Let m = 737 + p. What is the hundreds digit of m?
8
Let s(v) = -8*v**2 + v - 35. Let p(h) = -4*h**2 - 18. Let n(j) = 5*p(j) - 3*s(j). Let d be n(15). Suppose 26*m - d = 20*m. What is the tens digit of m?
4
Suppose -n + 6*n + 5*f - 40 = 0, -5*n + 16 = -f. Suppose 4*s = -4*y + 640, n*s - 182 - 132 = -2*y. Suppose -13*t = -y - 539. What is the tens digit of t?
5
Let k = -20276 + 33809. What is the hundreds digit of k?
5
Let v(l) = -4*l**3 + 31*l**2 - 12*l + 21. Let u(g) = 3*g**3 - 29*g**2 + 11*g - 22. Let a(n) = -3*u(n) - 2*v(n). What is the tens digit of a(8)?
4
Suppose -47*o + 72 = -23*o. What is the tens digit of ((-11178)/(-63))/(o/28)?
5
Let x(b) = 353*b**2 + 113*b - 514. What is the hundreds digit of x(5)?
8
Let j(g) = 202*g - 1266. What is the hundreds digit of j(9)?
5
Suppose -2*u - 15 = -3*y + 1126, 2*u = -y + 391. Let t = -129 + y. Suppose 0 = -4*b - n + 210, 4*b + b = 3*n + t. What is the units digit of b?
2
Let i(l) = -79*l**3 + 8*l**2 - 12*l - 80. Let f be i(-5). Suppose 19*o - f = -1296. What is the hundreds digit of o?
4
Suppose 0*m = -7*m + 12684. Suppose 0*v - 3*v - 2*p = -m, -2*v = -3*p - 1221. What is the tens digit of v?
0
Suppose 5*l + 18 = 4*l + 3*i, -3*l - i = 14. What is the tens digit of (-1)/((-5)/(-1900)*4/l)?
7
Let o be 3*(42/7 + -13). Let m = 494 + o. What is the hundreds digit of m?
4
What is the thousands digit of -1 + -8946*(-7)/14?
4
Let u = 32779 - 18070. What is the thousands digit of u?
4
Let g(l) be the third derivative of 203*l**6/60 - l**5/60 + l**4/6 - l**3/2 + 5*l**2 - 4*l. What is the tens digit of g(1)?
0
Suppose 5*a = 4*g + 9994 + 29866, -3*g - 23919 = -3*a. What is the thousands digit of a?
7
Let n(q) = -22*q. Let x be n(16). Let t be x/6 - -4*2/(-24). Let k = t + 98. What is the tens digit of k?
3
Let b(t) = 404*t**3 - 11*t**2 + 19*t - 16. What is the ten thousands digit of b(3)?
1
Suppose -5*a + p = 2280, -2*a + 5*p = 7*p + 912. Let l = a + 655. What is the hundreds digit of l?
1
Suppose 30*r + 60843 - 1503573 = 0. What is the thousands digit of r?
8
Suppose 3*a = 2*r - r + 3, -5*r - 15 = -2*a. Suppose a = 5*p - 6*p - 112. Let b = -103 - p. What is the units digit of b?
9
Let i(o) = -3*o + 51. Let z be i(17). Suppose 3*a - 12 = z, -5*h = 3*a - 1425 + 488. What is the tens digit of h?
8
Suppose -517*u - 2*u + 8685984 = 0. What is the ten thousands digit of u?
1
Let a = 14526 + 8389. What is the units digit of a?
5
Suppose 1833 = 5*j - 8847. Suppose j = 4*k + 212. What is the tens digit of k?
8
Let o = 1220 - 377. Suppose 2*i - 3*h = o + 1067, -h - 2858 = -3*i. What is the hundreds digit of i?
9
Let g = 82 + -82. Let j(o) = o**3 + o**2 + 24. Let w be j(g). Suppose w*a + 1160 = 29*a. What is the tens digit of a?
3
Suppose -15 = 3*m - 3. Let u be (-2 - (-2 - m))*(-1)/(-2). Let v = 156 + u. What is the tens digit of v?
5
Let r(a) be the third derivative of 551*a**5/60 + a**4/12 - 83*a**2. What is the tens digit of r(-1)?
4
Suppose c + 5*p = 97, 4*c + 7*p = 3*p + 452. Suppose 0 = -5*l - 3*g - 120, -l + 2*g - g - 24 = 0. What is the hundreds digit of (38 + l)*(c/2)/3?
2
Suppose -4*w = 3*k - 34906, -3*w - 459*k + 464*k + 26194 = 0. What is the hundreds digit of w?
7
Let l(w) = 11*w. Let r be l(1). Let o(n) = -38*n - 32. Let a(g) = -4*g + 7. Let d(j) = 5*a(j) - o(j). What is the units digit of d(r)?
5
Suppose -4*b + 370259 = -2*f + 33223, -5*b + 7*f + 421313 = 0. What is the thousands digit of b?
4
Suppose 2*u - 2*j - 2 = 0, -2*u - 2*j + 7 = j. Let w = -880 + 1075. Suppose 0 = -u*o - o + w. What is the units digit of o?
5
Let d be -3*(-3 - 12/(-9)). Suppose d*z = z - 3*f + 1797, -5*f + 1795 = 4*z. Suppose -2*k + z = 114. What is the hundreds digit of k?
1
Let h(j) = -30*j + 10*j - 8*j. Let r be h(-3). Let i = r - 37. What is the units digit of i?
7
Let s(m) = -808*m - 1502. What is the units digit of s(-19)?
0
Suppose 0 = 35*r - 2*r - 2508. What is the units digit of (-35*r)/(-5) - 7?
5
Suppose 3*m = -0*m + c + 39922, 0 = 4*m - 2*c - 53234. What is the tens digit of m?
0
Let o(r) = r + 33. Let a(b) = -16. Let j(k) = -5*a(k) - 3*o(k). Let w be j(-7). Suppose -5*d + 632 = 3*q, -w*d + 3*d - 128 = q. What is the hundreds digit of d?
1
Suppose 62*z - 292*z + 7505820 = 0. What is the ten thousands digit of z?
3
Let q(b) = 0*b**2 - 9*b**2 - 10 + b**2 - 3*b**2 - 11*b + b**3. Let m be q(12). What is the tens digit of ((-23)/m)/(3/(-6))?
2
Let i(r) = 2*r**2 + 19